{"id":79,"date":"2015-09-11T11:40:09","date_gmt":"2015-09-11T09:40:09","guid":{"rendered":"http:\/\/feuerwehr-zeitlarn.de\/?page_id=79"},"modified":"2015-09-14T09:23:37","modified_gmt":"2015-09-14T07:23:37","slug":"mza","status":"publish","type":"page","link":"https:\/\/feuerwehr-zeitlarn.de\/?page_id=79","title":{"rendered":"Anh\u00e4nger TSA"},"content":{"rendered":"<p style=\"text-align: center;\"><strong>Tragkraftspritzenanh\u00e4nger<\/strong><\/p>\n<div id=\"page\" class=\"template-full-widch\">\n<div id=\"main\">\n<div class=\"primary\">\n<div id=\"content\">\n<article id=\"post-88\" class=\"post-88 page type-page status-publish hentry\">\n<div class=\"col2 fright\">\n<div class=\"entry-content\">\n<p>Kennzeichen: R \u2013 C 95 33<br \/>\nFahrgestell: J. Seebauer, Ponholz<br \/>\nErstzulassung: September 1996<br \/>\nIn-Dienststellung: 23. September 1996<br \/>\nBeschaffungskosten: 1.200,00\u20ac<\/p>\n<p>\u2014\u2014\u2014\u2014\u2014\u2014\u2014\u2014\u2014\u2014\u2014\u2014\u2014\u2014\u2014\u2014\u2014\u2014\u2014\u2014\u2014\u2014\u2014\u2014\u2014\u2014\u2014\u2013<br \/>\n<strong>Technische Daten:<\/strong><br \/>\nzul Ges. Gewicht: 750 kg<br \/>\nLeergewicht: 180 kg<br \/>\nAbmessungen: 3,6 m L, 1,7 m B, 0,85 m H<br \/>\nBeladung: Anh\u00e4nger zum Transport von Ger\u00e4ten f\u00fcr \u00d6l-Einsatz und Wassersch\u00e4den, sowie Tragkraftspritze TS 8\/8 Ziegler Baujahr 1956 \u201ceinsatzbereit\u201d<\/p>\n<p>Dieses Einsatzger\u00e4t wurde zu 100 % aus Mitteln des Feuerwehrvereins beschafft!<\/p>\n<\/div>\n<\/div>\n<\/article>\n<\/div>\n<\/div>\n<\/div>\n<\/div>\n","protected":false},"excerpt":{"rendered":"<p class=\"qua-blog-post-description\">Tragkraftspritzenanh\u00e4nger Kennzeichen: R \u2013 C 95 33 Fahrgestell: J. Seebauer, Ponholz Erstzulassung: September 1996 In-Dienststellung: 23. September 1996 Beschaffungskosten: 1.200,00\u20ac \u2014\u2014\u2014\u2014\u2014\u2014\u2014\u2014\u2014\u2014\u2014\u2014\u2014\u2014\u2014\u2014\u2014\u2014\u2014\u2014\u2014\u2014\u2014\u2014\u2014\u2014\u2014\u2013 Technische Daten: zul Ges. Gewicht: 750 kg Leergewicht: 180 kg Abmessungen: 3,6 m L, 1,7 m B, 0,85 m H Beladung: Anh\u00e4nger zum Transport von Ger\u00e4ten f\u00fcr \u00d6l-Einsatz und Wassersch\u00e4den, sowie Tragkraftspritze TS 8\/8 [&hellip;]<\/p>\n","protected":false},"author":1,"featured_media":0,"parent":71,"menu_order":0,"comment_status":"closed","ping_status":"closed","template":"","meta":{"footnotes":""},"class_list":["post-79","page","type-page","status-publish","hentry"],"_links":{"self":[{"href":"https:\/\/feuerwehr-zeitlarn.de\/index.php?rest_route=\/wp\/v2\/pages\/79","targetHints":{"allow":["GET"]}}],"collection":[{"href":"https:\/\/feuerwehr-zeitlarn.de\/index.php?rest_route=\/wp\/v2\/pages"}],"about":[{"href":"https:\/\/feuerwehr-zeitlarn.de\/index.php?rest_route=\/wp\/v2\/types\/page"}],"author":[{"embeddable":true,"href":"https:\/\/feuerwehr-zeitlarn.de\/index.php?rest_route=\/wp\/v2\/users\/1"}],"replies":[{"embeddable":true,"href":"https:\/\/feuerwehr-zeitlarn.de\/index.php?rest_route=%2Fwp%2Fv2%2Fcomments&post=79"}],"version-history":[{"count":3,"href":"https:\/\/feuerwehr-zeitlarn.de\/index.php?rest_route=\/wp\/v2\/pages\/79\/revisions"}],"predecessor-version":[{"id":101,"href":"https:\/\/feuerwehr-zeitlarn.de\/index.php?rest_route=\/wp\/v2\/pages\/79\/revisions\/101"}],"up":[{"embeddable":true,"href":"https:\/\/feuerwehr-zeitlarn.de\/index.php?rest_route=\/wp\/v2\/pages\/71"}],"wp:attachment":[{"href":"https:\/\/feuerwehr-zeitlarn.de\/index.php?rest_route=%2Fwp%2Fv2%2Fmedia&parent=79"}],"curies":[{"name":"wp","href":"https:\/\/api.w.org\/{rel}","templated":true}]}}