{"id":104,"date":"2015-09-14T09:26:04","date_gmt":"2015-09-14T07:26:04","guid":{"rendered":"http:\/\/feuerwehr-zeitlarn.de\/?page_id=104"},"modified":"2026-02-11T10:58:57","modified_gmt":"2026-02-11T09:58:57","slug":"geraetehaus","status":"publish","type":"page","link":"https:\/\/feuerwehr-zeitlarn.de\/?page_id=104","title":{"rendered":"Ger\u00e4tehaus"},"content":{"rendered":"<h2 data-start=\"198\" data-end=\"240\">Standort, Ausstattung und Organisation<\/h2>\n<p data-start=\"242\" data-end=\"419\">Das Feuerwehrger\u00e4tehaus der Freiwilligen Feuerwehr Zeitlarn befindet sich in der Schulstra\u00dfe 7 und bildet den zentralen Ausgangspunkt f\u00fcr unsere Eins\u00e4tze und Ausbildungsdienste.<\/p>\n<p data-start=\"421\" data-end=\"524\">Hier treffen sich unsere Einsatzkr\u00e4fte im Alarmfall, r\u00fcsten sich aus und r\u00fccken zu ihren Eins\u00e4tzen aus.<\/p>\n<hr data-start=\"526\" data-end=\"529\" \/>\n<h2 data-start=\"531\" data-end=\"566\">Fahrzeughalle &amp; Einsatzmittel<\/h2>\n<p data-start=\"568\" data-end=\"629\">In der Fahrzeughalle sind folgende Einsatzmittel stationiert:<\/p>\n<ul data-start=\"631\" data-end=\"799\">\n<li data-start=\"631\" data-end=\"679\">\n<p data-start=\"633\" data-end=\"679\">Hilfeleistungsl\u00f6schgruppenfahrzeug HLF 20\/16<\/p>\n<\/li>\n<li data-start=\"680\" data-end=\"706\">\n<p data-start=\"682\" data-end=\"706\">Mehrzweckfahrzeug 11\/1<\/p>\n<\/li>\n<li data-start=\"707\" data-end=\"727\">\n<p data-start=\"709\" data-end=\"727\">Ger\u00e4tewagen 59\/1<\/p>\n<\/li>\n<li data-start=\"728\" data-end=\"749\">\n<p data-start=\"730\" data-end=\"749\">Rettungsboot 99\/1<\/p>\n<\/li>\n<li data-start=\"750\" data-end=\"772\">\n<p data-start=\"752\" data-end=\"772\">Mehrzweckboot 99\/2<\/p>\n<\/li>\n<li data-start=\"773\" data-end=\"799\">\n<p data-start=\"775\" data-end=\"799\">zwei Mehrzweckanh\u00e4nger<\/p>\n<\/li>\n<\/ul>\n<p data-start=\"801\" data-end=\"908\">Die strukturierte Anordnung und kurze Wege erm\u00f6glichen ein schnelles und sicheres Ausr\u00fccken im Einsatzfall.<\/p>\n<hr data-start=\"910\" data-end=\"913\" \/>\n<h2 data-start=\"915\" data-end=\"960\">Erdgeschoss \u2013 Einsatz &amp; Organisation<\/h2>\n<p data-start=\"962\" data-end=\"991\">Im Erdgeschoss befinden sich:<\/p>\n<ul data-start=\"993\" data-end=\"1152\">\n<li data-start=\"993\" data-end=\"1038\">\n<p data-start=\"995\" data-end=\"1038\">drei Umkleiden (Damen, Herren und Jugend)<\/p>\n<\/li>\n<li data-start=\"1039\" data-end=\"1057\">\n<p data-start=\"1041\" data-end=\"1057\">eine Werkstatt<\/p>\n<\/li>\n<li data-start=\"1058\" data-end=\"1079\">\n<p data-start=\"1060\" data-end=\"1079\">das Schlauchlager<\/p>\n<\/li>\n<li data-start=\"1080\" data-end=\"1099\">\n<p data-start=\"1082\" data-end=\"1099\">zwei Lagerr\u00e4ume<\/p>\n<\/li>\n<li data-start=\"1100\" data-end=\"1119\">\n<p data-start=\"1102\" data-end=\"1119\">ein Technikraum<\/p>\n<\/li>\n<li data-start=\"1120\" data-end=\"1136\">\n<p data-start=\"1122\" data-end=\"1136\">ein Putzraum<\/p>\n<\/li>\n<li data-start=\"1137\" data-end=\"1152\">\n<p data-start=\"1139\" data-end=\"1152\">eine Dusche<\/p>\n<\/li>\n<\/ul>\n<p data-start=\"1154\" data-end=\"1236\">Die sanit\u00e4ren Einrichtungen sind direkt an die jeweiligen Umkleiden angeschlossen.<\/p>\n<p data-start=\"1238\" data-end=\"1366\">Die funktionale Aufteilung sorgt daf\u00fcr, dass Einsatzbereitschaft, Materialpflege und Organisation reibungslos ineinandergreifen.<\/p>\n<hr data-start=\"1368\" data-end=\"1371\" \/>\n<h2 data-start=\"1373\" data-end=\"1419\">Obergeschoss \u2013 Ausbildung &amp; Gemeinschaft<\/h2>\n<p data-start=\"1421\" data-end=\"1451\">Im Obergeschoss befinden sich:<\/p>\n<ul data-start=\"1453\" data-end=\"1561\">\n<li data-start=\"1453\" data-end=\"1474\">\n<p data-start=\"1455\" data-end=\"1474\">ein Schulungsraum<\/p>\n<\/li>\n<li data-start=\"1475\" data-end=\"1509\">\n<p data-start=\"1477\" data-end=\"1509\">eine K\u00fcche mit Floriansst\u00fcberl<\/p>\n<\/li>\n<li data-start=\"1510\" data-end=\"1528\">\n<p data-start=\"1512\" data-end=\"1528\">ein Jugendraum<\/p>\n<\/li>\n<li data-start=\"1529\" data-end=\"1541\">\n<p data-start=\"1531\" data-end=\"1541\">ein B\u00fcro<\/p>\n<\/li>\n<li data-start=\"1542\" data-end=\"1561\">\n<p data-start=\"1544\" data-end=\"1561\">ein Abstellraum<\/p>\n<\/li>\n<\/ul>\n<p data-start=\"1563\" data-end=\"1763\">Hier finden Schulungen, Besprechungen und \u00dcbungen statt.<br data-start=\"1619\" data-end=\"1622\" \/>Gleichzeitig ist dieser Bereich ein wichtiger Treffpunkt f\u00fcr unsere Kinder- und Jugendfeuerwehr sowie f\u00fcr kameradschaftliche Veranstaltungen.<\/p>\n<hr data-start=\"1765\" data-end=\"1768\" \/>\n<h2 data-start=\"1770\" data-end=\"1814\">Technische Ausstattung &amp; Kommunikation<\/h2>\n<p data-start=\"1816\" data-end=\"1881\">Das Ger\u00e4tehaus verf\u00fcgt \u00fcber einen Telefon- und Internetanschluss.<\/p>\n<p data-start=\"1883\" data-end=\"1918\">Telefonnummer: 0941 \/ 46 18 45 97<\/p>\n<p data-start=\"1920\" data-end=\"1984\">Im Notfall w\u00e4hlen Sie bitte ausschlie\u00dflich die Notrufnummer 112.<\/p>\n<p data-start=\"1986\" data-end=\"2196\">Dar\u00fcber hinaus besteht die M\u00f6glichkeit, bei gr\u00f6\u00dferen Schadenslagen eine Einsatzzentrale im Ger\u00e4tehaus einzurichten.<\/p>\n","protected":false},"excerpt":{"rendered":"<p class=\"qua-blog-post-description\">Standort, Ausstattung und Organisation Das Feuerwehrger\u00e4tehaus der Freiwilligen Feuerwehr Zeitlarn befindet sich in der Schulstra\u00dfe 7 und bildet den zentralen Ausgangspunkt f\u00fcr unsere Eins\u00e4tze und Ausbildungsdienste. Hier treffen sich unsere Einsatzkr\u00e4fte im Alarmfall, r\u00fcsten sich aus und r\u00fccken zu ihren Eins\u00e4tzen aus. Fahrzeughalle &amp; Einsatzmittel In der Fahrzeughalle sind folgende Einsatzmittel stationiert: Hilfeleistungsl\u00f6schgruppenfahrzeug HLF 20\/16 [&hellip;]<\/p>\n","protected":false},"author":1,"featured_media":0,"parent":31,"menu_order":0,"comment_status":"closed","ping_status":"closed","template":"","meta":{"footnotes":""},"class_list":["post-104","page","type-page","status-publish","hentry"],"_links":{"self":[{"href":"https:\/\/feuerwehr-zeitlarn.de\/index.php?rest_route=\/wp\/v2\/pages\/104","targetHints":{"allow":["GET"]}}],"collection":[{"href":"https:\/\/feuerwehr-zeitlarn.de\/index.php?rest_route=\/wp\/v2\/pages"}],"about":[{"href":"https:\/\/feuerwehr-zeitlarn.de\/index.php?rest_route=\/wp\/v2\/types\/page"}],"author":[{"embeddable":true,"href":"https:\/\/feuerwehr-zeitlarn.de\/index.php?rest_route=\/wp\/v2\/users\/1"}],"replies":[{"embeddable":true,"href":"https:\/\/feuerwehr-zeitlarn.de\/index.php?rest_route=%2Fwp%2Fv2%2Fcomments&post=104"}],"version-history":[{"count":9,"href":"https:\/\/feuerwehr-zeitlarn.de\/index.php?rest_route=\/wp\/v2\/pages\/104\/revisions"}],"predecessor-version":[{"id":17835,"href":"https:\/\/feuerwehr-zeitlarn.de\/index.php?rest_route=\/wp\/v2\/pages\/104\/revisions\/17835"}],"up":[{"embeddable":true,"href":"https:\/\/feuerwehr-zeitlarn.de\/index.php?rest_route=\/wp\/v2\/pages\/31"}],"wp:attachment":[{"href":"https:\/\/feuerwehr-zeitlarn.de\/index.php?rest_route=%2Fwp%2Fv2%2Fmedia&parent=104"}],"curies":[{"name":"wp","href":"https:\/\/api.w.org\/{rel}","templated":true}]}}